{"id":85604,"date":"2018-07-06T18:58:24","date_gmt":"2018-07-06T18:58:24","guid":{"rendered":"http:\/\/www.irdin.org.br\/site\/produto\/conversas-com-trigueirinho-no-774\/"},"modified":"2024-09-09T03:07:57","modified_gmt":"2024-09-09T03:07:57","slug":"conversas-com-trigueirinho-no-774","status":"publish","type":"product","link":"https:\/\/www.irdin.org.br\/site\/produtos\/conversas-com-trigueirinho-no-774\/","title":{"rendered":"Conversas com Trigueirinho n\u00ba 774"},"content":{"rendered":"<p>Leis da alma e leis do esp\u00edrito \/ Fam\u00edlias na nova Terra e androginia \/ Sobre guardi\u00e3es e vigilantes \/ Anjos das na\u00e7\u00f5es \/ N\u00f3s e a Hierarquia espiritual \/ Os escolhidos&#8221; \/ A tarefa que nos cabe \/ Animais em casa \/ Semente da Comunidade-Luz \/ Dimens\u00f5es, n\u00edveis e vibra\u00e7\u00f5es \/ Contempla\u00e7\u00e3o de certas imagens \/ Outros n\u00edveis, outras leis                                                                                                                                                                                                                                                                                                                                                                                                                                                                                                                                                                                                                                                                                                                                                                                                                                                                                                                                                                                                                                                                                                                                                                                                                                                                                                                                                                                                                                                                                                                                                                                                                                                                                                                                                                                                                                                                                                                                                                                                                                                                                                                                                                                                                                                                                                                                                                                                                                                                                                                                                                                                                                                                                                                                                                                                                                                                                                                                                                                                                                                                                                                                                                                                                                                                                                                                                                                                                                                                                                                                                                                                                                                                                                                                                                                                                                                                                                                                                                                                                                                                                                                                                                                                                                                                                                                                                                                                                                                                                                                                                                                                                                                                                                                                                                                                                                                                                                                                                                                                                                                                                                                                                                                                                                                                                                                                                                                                                                                                                                                                                                                                                                                                                                                                                                                                                                                                                                                                                                                                                                                                                                                                                                                                                                                                                                                                                                                                                                                                                                                                                                                                                                                                                                                                                                                                                                                                                                                                                                                                                                                                                                                                                                                                                                                                                                                                                                                                                                                                                                                                                                                                                                                                                                                                                                                                                                                                                                                                                                                                                                                                                                                                                                                    &#8221;<\/p>\n<p>&nbsp;<br \/>\n<strong>Ou\u00e7a agora:<\/strong><\/p>\n<p><span data-href=\"https:\/\/www.irdin.org.br\/site\/envios\/audios\/0023_0774__por_por__conversas_com_trigueirinho_n774.mp3\" data-title=\"Conversas com Trigueirinho n\u00ba 774\" data-rel=\"\" data-target=\"\" data-meta=\"#fap-meta-6a03f5412a37d\" class=\"fap-single-track fap-track-button fap-play-button\" data-enqueue=\"no\" data-autoenqueue=\"no\" title=\"Conversas com Trigueirinho n\u00ba 774\"><span class=\"fap-icon-play\"><\/span>Ouvir<\/span> <a href='https:\/\/www.irdin.org.br\/site\/envios\/audios\/0023_0774__por_por__conversas_com_trigueirinho_n774.mp3' class='baixar' download><span class='fa fa-arrow-down'><\/span>Baixar<\/span><\/a> <span class='textobaixar'> Conversas com Trigueirinho n\u00ba 774<\/span><\/p>\n","protected":false},"excerpt":{"rendered":"<p>Leis da alma e leis do esp\u00edrito \/ Fam\u00edlias na nova Terra e androginia \/ Sobre guardi\u00e3es e vigilantes \/<\/p>\n","protected":false},"featured_media":37479,"template":"","meta":{"_acf_changed":false},"product_brand":[],"product_cat":[18076,43099],"product_tag":[43461],"class_list":{"0":"post-85604","1":"product","2":"type-product","3":"status-publish","4":"has-post-thumbnail","6":"product_cat-cddvd","7":"product_cat-palestras-cddvd","8":"product_tag-43461","9":"pa_autor-trigueirinho","10":"pa_codigo-da-serie-31985","11":"pa_codigo-de-barras-30184","12":"pa_codigo-externo-00230774porcd","13":"pa_data-de-edicao-25000","14":"pa_data-de-gravacao-30180","15":"pa_data-de-lancamento-43389","16":"pa_duracao-52m58s","17":"pa_idioma-de-destino-portugues","18":"pa_idioma-de-origem-portugues","19":"pa_lancamento-no","20":"pa_midia-cd","21":"pa_moac-43460","22":"pa_quantidade-de-saldo-33067","23":"pa_sequencial-da-serie-32697","24":"pa_tipo-de-traducao-nao-traduzido","26":"first","27":"outofstock","28":"product-type-simple"},"acf":[],"_links":{"self":[{"href":"https:\/\/www.irdin.org.br\/site\/wp-json\/wp\/v2\/product\/85604","targetHints":{"allow":["GET"]}}],"collection":[{"href":"https:\/\/www.irdin.org.br\/site\/wp-json\/wp\/v2\/product"}],"about":[{"href":"https:\/\/www.irdin.org.br\/site\/wp-json\/wp\/v2\/types\/product"}],"version-history":[{"count":1,"href":"https:\/\/www.irdin.org.br\/site\/wp-json\/wp\/v2\/product\/85604\/revisions"}],"predecessor-version":[{"id":107047,"href":"https:\/\/www.irdin.org.br\/site\/wp-json\/wp\/v2\/product\/85604\/revisions\/107047"}],"wp:featuredmedia":[{"embeddable":true,"href":"https:\/\/www.irdin.org.br\/site\/wp-json\/wp\/v2\/media\/37479"}],"wp:attachment":[{"href":"https:\/\/www.irdin.org.br\/site\/wp-json\/wp\/v2\/media?parent=85604"}],"wp:term":[{"taxonomy":"product_brand","embeddable":true,"href":"https:\/\/www.irdin.org.br\/site\/wp-json\/wp\/v2\/product_brand?post=85604"},{"taxonomy":"product_cat","embeddable":true,"href":"https:\/\/www.irdin.org.br\/site\/wp-json\/wp\/v2\/product_cat?post=85604"},{"taxonomy":"product_tag","embeddable":true,"href":"https:\/\/www.irdin.org.br\/site\/wp-json\/wp\/v2\/product_tag?post=85604"}],"curies":[{"name":"wp","href":"https:\/\/api.w.org\/{rel}","templated":true}]}}