{"id":85617,"date":"2011-06-09T00:00:00","date_gmt":"2011-06-09T00:00:00","guid":{"rendered":"http:\/\/www.irdin.org.br\/site\/produto\/conversas-com-trigueirinho-no-787\/"},"modified":"2025-03-16T01:19:51","modified_gmt":"2025-03-16T01:19:51","slug":"conversas-com-trigueirinho-no-787","status":"publish","type":"product","link":"https:\/\/www.irdin.org.br\/site\/produtos\/conversas-com-trigueirinho-no-787\/","title":{"rendered":"Conversas com Trigueirinho n\u00ba 787"},"content":{"rendered":"<p>Crise e suas instru\u00e7\u00f5es \/ A voca\u00e7\u00e3o da alma \u00e9 servir \/ A verdadeira cura \/ Caminho \u00e1rduo e caminho f\u00e1cil \/ Que \u00e9 obedi\u00eancia? \/ Livros sobre Lis \/ Crian\u00e7as, Comunidade Luz e animais \/ Por que se conectar com o Alto? \/ Primeiros Crop Circles<\/p>\n<p>&nbsp;<br \/>\n<strong>Ou\u00e7a agora:<\/strong><\/p>\n<p><span data-href=\"https:\/\/www.irdin.org.br\/site\/envios\/audios\/0023_0787__por_por__conversas_com_trigueirinho_n787.mp3\" data-title=\"Conversas com Trigueirinho n\u00ba 787\" data-rel=\"\" data-target=\"\" data-meta=\"#fap-meta-69f1779b18452\" class=\"fap-single-track fap-track-button fap-play-button\" data-enqueue=\"no\" data-autoenqueue=\"no\" title=\"Conversas com Trigueirinho n\u00ba 787\"><span class=\"fap-icon-play\"><\/span>Ouvir<\/span> <a href='https:\/\/www.irdin.org.br\/site\/envios\/audios\/0023_0787__por_por__conversas_com_trigueirinho_n787.mp3' class='baixar' download><span class='fa fa-arrow-down'><\/span>Baixar<\/span><\/a> <span class='textobaixar'> Conversas com Trigueirinho n\u00ba 787<\/span><\/p>\n","protected":false},"excerpt":{"rendered":"<p>Crise e suas instru\u00e7\u00f5es \/ A voca\u00e7\u00e3o da alma \u00e9 servir \/ A verdadeira cura \/ Caminho \u00e1rduo e caminho<\/p>\n","protected":false},"featured_media":37479,"template":"","meta":{"_acf_changed":false},"product_brand":[],"product_cat":[18076,43099],"product_tag":[43491],"class_list":{"0":"post-85617","1":"product","2":"type-product","3":"status-publish","4":"has-post-thumbnail","6":"product_cat-cddvd","7":"product_cat-palestras-cddvd","8":"product_tag-43491","9":"pa_autor-trigueirinho","10":"pa_codigo-da-serie-31985","11":"pa_codigo-de-barras-30242","12":"pa_codigo-externo-00230787porcd","13":"pa_data-de-edicao-43487","14":"pa_data-de-gravacao-26976","15":"pa_data-de-lancamento-43488","16":"pa_duracao-1h01m08s","17":"pa_idioma-de-destino-portugues","18":"pa_idioma-de-origem-portugues","19":"pa_lancamento-no","20":"pa_midia-cd","21":"pa_moac-43490","22":"pa_quantidade-de-saldo-33067","23":"pa_sequencial-da-serie-32711","24":"pa_tipo-de-traducao-nao-traduzido","26":"first","27":"outofstock","28":"product-type-simple"},"acf":[],"_links":{"self":[{"href":"https:\/\/www.irdin.org.br\/site\/wp-json\/wp\/v2\/product\/85617","targetHints":{"allow":["GET"]}}],"collection":[{"href":"https:\/\/www.irdin.org.br\/site\/wp-json\/wp\/v2\/product"}],"about":[{"href":"https:\/\/www.irdin.org.br\/site\/wp-json\/wp\/v2\/types\/product"}],"version-history":[{"count":1,"href":"https:\/\/www.irdin.org.br\/site\/wp-json\/wp\/v2\/product\/85617\/revisions"}],"predecessor-version":[{"id":109361,"href":"https:\/\/www.irdin.org.br\/site\/wp-json\/wp\/v2\/product\/85617\/revisions\/109361"}],"wp:featuredmedia":[{"embeddable":true,"href":"https:\/\/www.irdin.org.br\/site\/wp-json\/wp\/v2\/media\/37479"}],"wp:attachment":[{"href":"https:\/\/www.irdin.org.br\/site\/wp-json\/wp\/v2\/media?parent=85617"}],"wp:term":[{"taxonomy":"product_brand","embeddable":true,"href":"https:\/\/www.irdin.org.br\/site\/wp-json\/wp\/v2\/product_brand?post=85617"},{"taxonomy":"product_cat","embeddable":true,"href":"https:\/\/www.irdin.org.br\/site\/wp-json\/wp\/v2\/product_cat?post=85617"},{"taxonomy":"product_tag","embeddable":true,"href":"https:\/\/www.irdin.org.br\/site\/wp-json\/wp\/v2\/product_tag?post=85617"}],"curies":[{"name":"wp","href":"https:\/\/api.w.org\/{rel}","templated":true}]}}

Conversas com Trigueirinho nº 787

<p>Crise e suas instruções / A vocação da alma é servir / A verdadeira cura / Caminho árduo e caminho fácil / Que é obediência? / Livros sobre Lis / Crianças, Comunidade Luz e animais / Por que se conectar com o Alto? / Primeiros Crop Circles</p>
<p>&nbsp;<br />
<strong>Ouça agora:</strong></p>
<p><span data-href="https://www.irdin.org.br/site/envios/audios/0023_0787__por_por__conversas_com_trigueirinho_n787.mp3" data-title="Conversas com Trigueirinho nº 787" data-rel="" data-target="" data-meta="#fap-meta-69f1779b18452" class="fap-single-track fap-track-button fap-play-button" data-enqueue="no" data-autoenqueue="no" title="Conversas com Trigueirinho nº 787"><span class="fap-icon-play"></span>Ouvir</span> <a href='https://www.irdin.org.br/site/envios/audios/0023_0787__por_por__conversas_com_trigueirinho_n787.mp3' class='baixar' download><span class='fa fa-arrow-down'></span>Baixar</span></a> <span class='textobaixar'> Conversas com Trigueirinho nº 787</span></p>

<p>Crise e suas instruções / A vocação da alma é servir / A verdadeira cura / Caminho árduo e caminho</p>
