{"id":85623,"date":"2018-07-06T18:58:49","date_gmt":"2018-07-06T18:58:49","guid":{"rendered":"http:\/\/www.irdin.org.br\/site\/produto\/conversas-com-trigueirinho-no-800\/"},"modified":"2024-09-09T03:03:30","modified_gmt":"2024-09-09T03:03:30","slug":"conversas-com-trigueirinho-no-800","status":"publish","type":"product","link":"https:\/\/www.irdin.org.br\/site\/produtos\/conversas-com-trigueirinho-no-800\/","title":{"rendered":"Conversas com Trigueirinho n\u00ba 800"},"content":{"rendered":"<p>Como alinhar os corpos? \/ Que \u00e9 fraternidade? \/ Uso de cristais \/ Consci\u00eancia dos Reinos \/ Sensibilidade nas plantas \/ Mente e alma animal \/ Aurora e o trabalho na ess\u00eancia dos seres \/ Voca\u00e7\u00e3o para o monast\u00e9rio \/ Cidades intraterrenas \/ Unir-se aos Reinos<\/p>\n<p>&nbsp;<br \/>\n<strong>Ou\u00e7a agora:<\/strong><\/p>\n<p><span data-href=\"https:\/\/www.irdin.org.br\/site\/envios\/audios\/0023_0800__por_por__conversas_com_trigueirinho_n800.mp3\" data-title=\"Conversas com Trigueirinho n\u00ba 800\" data-rel=\"\" data-target=\"\" data-meta=\"#fap-meta-69e2af950c6ee\" class=\"fap-single-track fap-track-button fap-play-button\" data-enqueue=\"no\" data-autoenqueue=\"no\" title=\"Conversas com Trigueirinho n\u00ba 800\"><span class=\"fap-icon-play\"><\/span>Ouvir<\/span> <a href='https:\/\/www.irdin.org.br\/site\/envios\/audios\/0023_0800__por_por__conversas_com_trigueirinho_n800.mp3' class='baixar' download><span class='fa fa-arrow-down'><\/span>Baixar<\/span><\/a> <span class='textobaixar'> Conversas com Trigueirinho n\u00ba 800<\/span><\/p>\n","protected":false},"excerpt":{"rendered":"<p>Como alinhar os corpos? \/ Que \u00e9 fraternidade? \/ Uso de cristais \/ Consci\u00eancia dos Reinos \/ Sensibilidade nas plantas<\/p>\n","protected":false},"featured_media":37479,"template":"","meta":{"_acf_changed":false},"product_brand":[],"product_cat":[18076,43099],"product_tag":[43499],"class_list":{"0":"post-85623","1":"product","2":"type-product","3":"status-publish","4":"has-post-thumbnail","6":"product_cat-cddvd","7":"product_cat-palestras-cddvd","8":"product_tag-43499","9":"pa_autor-trigueirinho","10":"pa_codigo-da-serie-31985","11":"pa_codigo-de-barras-30301","12":"pa_codigo-externo-00230800porcd","13":"pa_data-de-edicao-43293","14":"pa_data-de-gravacao-30297","15":"pa_data-de-lancamento-43294","16":"pa_duracao-42m46s","17":"pa_idioma-de-destino-portugues","18":"pa_idioma-de-origem-portugues","19":"pa_lancamento-no","20":"pa_midia-cd","21":"pa_moac-43498","22":"pa_quantidade-de-saldo-33067","23":"pa_sequencial-da-serie-32726","24":"pa_tipo-de-traducao-nao-traduzido","26":"first","27":"outofstock","28":"product-type-simple"},"acf":[],"_links":{"self":[{"href":"https:\/\/www.irdin.org.br\/site\/wp-json\/wp\/v2\/product\/85623","targetHints":{"allow":["GET"]}}],"collection":[{"href":"https:\/\/www.irdin.org.br\/site\/wp-json\/wp\/v2\/product"}],"about":[{"href":"https:\/\/www.irdin.org.br\/site\/wp-json\/wp\/v2\/types\/product"}],"version-history":[{"count":1,"href":"https:\/\/www.irdin.org.br\/site\/wp-json\/wp\/v2\/product\/85623\/revisions"}],"predecessor-version":[{"id":107029,"href":"https:\/\/www.irdin.org.br\/site\/wp-json\/wp\/v2\/product\/85623\/revisions\/107029"}],"wp:featuredmedia":[{"embeddable":true,"href":"https:\/\/www.irdin.org.br\/site\/wp-json\/wp\/v2\/media\/37479"}],"wp:attachment":[{"href":"https:\/\/www.irdin.org.br\/site\/wp-json\/wp\/v2\/media?parent=85623"}],"wp:term":[{"taxonomy":"product_brand","embeddable":true,"href":"https:\/\/www.irdin.org.br\/site\/wp-json\/wp\/v2\/product_brand?post=85623"},{"taxonomy":"product_cat","embeddable":true,"href":"https:\/\/www.irdin.org.br\/site\/wp-json\/wp\/v2\/product_cat?post=85623"},{"taxonomy":"product_tag","embeddable":true,"href":"https:\/\/www.irdin.org.br\/site\/wp-json\/wp\/v2\/product_tag?post=85623"}],"curies":[{"name":"wp","href":"https:\/\/api.w.org\/{rel}","templated":true}]}}