{"id":85646,"date":"2018-07-06T18:59:14","date_gmt":"2018-07-06T18:59:14","guid":{"rendered":"http:\/\/www.irdin.org.br\/site\/produto\/conversas-com-trigueirinho-no-823\/"},"modified":"2019-12-12T18:25:12","modified_gmt":"2019-12-12T18:25:12","slug":"conversas-com-trigueirinho-no-823","status":"publish","type":"product","link":"https:\/\/www.irdin.org.br\/site\/produtos\/conversas-com-trigueirinho-no-823\/","title":{"rendered":"Conversas com Trigueirinho n\u00ba 823"},"content":{"rendered":"<p>Doa\u00e7\u00e3o pura \/ Mainhdra e a uni\u00e3o de todos \/ Uso de plantas para expandir a consci\u00eancia \/ Estocar alimentos? \/ Retornar ao corpo ap\u00f3s o sono \/ Escolas infantis \/ Cristos em potencial \/ Sonho sobre desencarna\u00e7\u00e3o \/ Esp\u00edrito de forma\u00e7\u00e3o da Ordem Gra\u00e7a Miseric\u00f3rdia \/ Aristel, anjo de Mirna Jad<\/p>\n<p>&nbsp;<br \/>\n<strong>Ou\u00e7a agora:<\/strong><\/p>\n<p><span data-href=\"https:\/\/www.irdin.org.br\/site\/envios\/audios\/0023_0823__por_por__conversas_com_trigueirinho_n823.mp3\" data-title=\"Conversas com Trigueirinho n\u00ba 823\" data-rel=\"\" data-target=\"\" data-meta=\"#fap-meta-6a03b664bc3fb\" class=\"fap-single-track fap-track-button fap-play-button\" data-enqueue=\"no\" data-autoenqueue=\"no\" title=\"Conversas com Trigueirinho n\u00ba 823\"><span class=\"fap-icon-play\"><\/span>Ouvir<\/span> <a href='https:\/\/www.irdin.org.br\/site\/envios\/audios\/0023_0823__por_por__conversas_com_trigueirinho_n823.mp3' class='baixar' download><span class='fa fa-arrow-down'><\/span>Baixar<\/span><\/a> <span class='textobaixar'> Conversas com Trigueirinho n\u00ba 823<\/span><\/p>\n","protected":false},"excerpt":{"rendered":"<p>Doa\u00e7\u00e3o pura \/ Mainhdra e a uni\u00e3o de todos \/ Uso de plantas para expandir a consci\u00eancia \/ Estocar alimentos?<\/p>\n","protected":false},"featured_media":37479,"template":"","meta":{"_acf_changed":false},"product_brand":[],"product_cat":[18076,43099],"product_tag":[43545],"class_list":{"0":"post-85646","1":"product","2":"type-product","3":"status-publish","4":"has-post-thumbnail","6":"product_cat-cddvd","7":"product_cat-palestras-cddvd","8":"product_tag-43545","9":"pa_autor-trigueirinho","10":"pa_codigo-da-serie-31985","11":"pa_codigo-de-barras-30411","12":"pa_codigo-externo-00230823porcd","13":"pa_data-de-edicao-43419","14":"pa_data-de-gravacao-30407","15":"pa_data-de-lancamento-43420","16":"pa_duracao-32min40s","17":"pa_idioma-de-destino-portugues","18":"pa_idioma-de-origem-portugues","19":"pa_lancamento-no","20":"pa_midia-cd","21":"pa_moac-43544","22":"pa_quantidade-de-saldo-33067","23":"pa_sequencial-da-serie-32751","24":"pa_tipo-de-traducao-nao-traduzido","26":"first","27":"outofstock","28":"product-type-simple"},"acf":[],"_links":{"self":[{"href":"https:\/\/www.irdin.org.br\/site\/wp-json\/wp\/v2\/product\/85646","targetHints":{"allow":["GET"]}}],"collection":[{"href":"https:\/\/www.irdin.org.br\/site\/wp-json\/wp\/v2\/product"}],"about":[{"href":"https:\/\/www.irdin.org.br\/site\/wp-json\/wp\/v2\/types\/product"}],"version-history":[{"count":0,"href":"https:\/\/www.irdin.org.br\/site\/wp-json\/wp\/v2\/product\/85646\/revisions"}],"wp:featuredmedia":[{"embeddable":true,"href":"https:\/\/www.irdin.org.br\/site\/wp-json\/wp\/v2\/media\/37479"}],"wp:attachment":[{"href":"https:\/\/www.irdin.org.br\/site\/wp-json\/wp\/v2\/media?parent=85646"}],"wp:term":[{"taxonomy":"product_brand","embeddable":true,"href":"https:\/\/www.irdin.org.br\/site\/wp-json\/wp\/v2\/product_brand?post=85646"},{"taxonomy":"product_cat","embeddable":true,"href":"https:\/\/www.irdin.org.br\/site\/wp-json\/wp\/v2\/product_cat?post=85646"},{"taxonomy":"product_tag","embeddable":true,"href":"https:\/\/www.irdin.org.br\/site\/wp-json\/wp\/v2\/product_tag?post=85646"}],"curies":[{"name":"wp","href":"https:\/\/api.w.org\/{rel}","templated":true}]}}