{"id":85656,"date":"2018-07-06T18:59:38","date_gmt":"2018-07-06T18:59:38","guid":{"rendered":"http:\/\/www.irdin.org.br\/site\/produto\/conversas-com-trigueirinho-no-833\/"},"modified":"2024-09-09T02:55:37","modified_gmt":"2024-09-09T02:55:37","slug":"conversas-com-trigueirinho-no-833","status":"publish","type":"product","link":"https:\/\/www.irdin.org.br\/site\/produtos\/conversas-com-trigueirinho-no-833\/","title":{"rendered":"Conversas com Trigueirinho n\u00ba 833"},"content":{"rendered":"<p>Comunidades e miss\u00f5es a servi\u00e7o do planeta \/ Prepara\u00e7\u00e3o para silenciar a mente \/ Libertar-se dos v\u00edcios \/ Abrindo as portas para todos&#8221; \/ H\u00e1bitos nos diferentes n\u00edveis do Ser \/ Ecumenismo e servi\u00e7o \u00e0s almas \/ Ins\u00f4nia \/ Sutiliza\u00e7\u00e3o trazida pelo Reino Vegetal \/ Vida na superf\u00edcie dos centros planet\u00e1rios e os efeitos da desobedi\u00eancia \u00e0 Hierarquia \/ Impulsos da Hierarquia \/ Os dias de escurid\u00e3o e as crises                                                                                                                                                                                                                                                                                                                                                                                                                                                                                                                                                                                                                                                                                                                                                                                                                                                                                                                                                                                                                                                                                                                                                                                                                                                                                                                                                                                                                                                                                                                                                                                                                                                                                                                                                                                                                                                                                                                                                                                                                                                                                                                                                                                                                                                                                                                                                                                                                                                                                                                                                                                                                                                                                                                                                                                                                                                                                                                                                                                                                                                                                                                                                                                                                                                                                                                                                                                                                                                                                                                                                                                                                                                                                                                                                                                                                                                                                                                                                                                                                                                                                                                                                                                                                                                                                                                                                                                                                                                                                                                                                                                                                                                                                                                                                                                                                                                                                                                                                                                                                                                                                                                                                                                                                                                                                                                                                                                                                                                                                                                                                                                                                                                                                                                                                                                                                                                                                                                                                                                                                                                                                                                                                                                                                                                                                                                                                                                                                                                                                                                                                                                                                                                                                                                                                                                                                                                                                                                                                                                                                                                                                                                                                                                                                                                                                                                                                                                                                                                                                                                                                                                                                                                                                                                                                                                                                                                                                                                                                                                                                                                                                                           &#8221;<\/p>\n<p>&nbsp;<br \/>\n<strong>Ou\u00e7a agora:<\/strong><\/p>\n<p><span data-href=\"https:\/\/www.irdin.org.br\/site\/envios\/audios\/0023_0833__por_por__conversas_com_trigueirinho_n833.mp3\" data-title=\"Conversas com Trigueirinho n\u00ba 833\" data-rel=\"\" data-target=\"\" data-meta=\"#fap-meta-69e5e0d687bf5\" class=\"fap-single-track fap-track-button fap-play-button\" data-enqueue=\"no\" data-autoenqueue=\"no\" title=\"Conversas com Trigueirinho n\u00ba 833\"><span class=\"fap-icon-play\"><\/span>Ouvir<\/span> <a href='https:\/\/www.irdin.org.br\/site\/envios\/audios\/0023_0833__por_por__conversas_com_trigueirinho_n833.mp3' class='baixar' download><span class='fa fa-arrow-down'><\/span>Baixar<\/span><\/a> <span class='textobaixar'> Conversas com Trigueirinho n\u00ba 833<\/span><\/p>\n","protected":false},"excerpt":{"rendered":"<p>Comunidades e miss\u00f5es a servi\u00e7o do planeta \/ Prepara\u00e7\u00e3o para silenciar a mente \/ Libertar-se dos v\u00edcios \/ Abrindo as<\/p>\n","protected":false},"featured_media":37479,"template":"","meta":{"_acf_changed":false},"product_brand":[],"product_cat":[18076,43099],"product_tag":[43568],"class_list":{"0":"post-85656","1":"product","2":"type-product","3":"status-publish","4":"has-post-thumbnail","6":"product_cat-cddvd","7":"product_cat-palestras-cddvd","8":"product_tag-43568","9":"pa_autor-trigueirinho","10":"pa_codigo-da-serie-31985","11":"pa_codigo-de-barras-30454","12":"pa_codigo-externo-00230833porcd","13":"pa_data-de-edicao-43564","14":"pa_data-de-gravacao-30451","15":"pa_data-de-lancamento-43565","16":"pa_duracao-45m21s","17":"pa_idioma-de-destino-portugues","18":"pa_idioma-de-origem-portugues","19":"pa_lancamento-no","20":"pa_midia-cd","21":"pa_moac-43567","22":"pa_quantidade-de-saldo-33067","23":"pa_sequencial-da-serie-32762","24":"pa_tipo-de-traducao-nao-traduzido","26":"first","27":"outofstock","28":"product-type-simple"},"acf":[],"_links":{"self":[{"href":"https:\/\/www.irdin.org.br\/site\/wp-json\/wp\/v2\/product\/85656","targetHints":{"allow":["GET"]}}],"collection":[{"href":"https:\/\/www.irdin.org.br\/site\/wp-json\/wp\/v2\/product"}],"about":[{"href":"https:\/\/www.irdin.org.br\/site\/wp-json\/wp\/v2\/types\/product"}],"version-history":[{"count":1,"href":"https:\/\/www.irdin.org.br\/site\/wp-json\/wp\/v2\/product\/85656\/revisions"}],"predecessor-version":[{"id":107004,"href":"https:\/\/www.irdin.org.br\/site\/wp-json\/wp\/v2\/product\/85656\/revisions\/107004"}],"wp:featuredmedia":[{"embeddable":true,"href":"https:\/\/www.irdin.org.br\/site\/wp-json\/wp\/v2\/media\/37479"}],"wp:attachment":[{"href":"https:\/\/www.irdin.org.br\/site\/wp-json\/wp\/v2\/media?parent=85656"}],"wp:term":[{"taxonomy":"product_brand","embeddable":true,"href":"https:\/\/www.irdin.org.br\/site\/wp-json\/wp\/v2\/product_brand?post=85656"},{"taxonomy":"product_cat","embeddable":true,"href":"https:\/\/www.irdin.org.br\/site\/wp-json\/wp\/v2\/product_cat?post=85656"},{"taxonomy":"product_tag","embeddable":true,"href":"https:\/\/www.irdin.org.br\/site\/wp-json\/wp\/v2\/product_tag?post=85656"}],"curies":[{"name":"wp","href":"https:\/\/api.w.org\/{rel}","templated":true}]}}