{"id":85906,"date":"2018-10-10T13:55:02","date_gmt":"2018-10-10T13:55:02","guid":{"rendered":"http:\/\/www.irdin.org.br\/site\/?post_type=product&#038;p=85906"},"modified":"2024-09-09T02:54:32","modified_gmt":"2024-09-09T02:54:32","slug":"o_espirito_do_senhor","status":"publish","type":"product","link":"https:\/\/www.irdin.org.br\/site\/produtos\/o_espirito_do_senhor\/","title":{"rendered":"O Esp\u00edrito do Senhor"},"content":{"rendered":"<p><em>Uma emana\u00e7\u00e3o da ess\u00eancia do Amor-Sabedoria \/ O esp\u00edrito universal que permeia a manifesta\u00e7\u00e3o c\u00f3smica \/ Mergulhando em Fontes Imateriais \/ Redescobrindo a Presen\u00e7a em n\u00f3s \/ Cada momento pode se tornar um reencontro com \u0093Isso\u0094 \/ O amor ao sil\u00eancio como uma necessidade \/ Aprendendo a comungar com Samana<\/em><\/p>\n<p>&nbsp;<br \/>\n<strong>Ou\u00e7a agora:<\/strong><\/p>\n<p><span data-href=\"https:\/\/www.irdin.org.br\/site\/envios\/audios\/2907_0001__por_por__o_espirito_do_senhor.mp3\" data-title=\"O Esp\u00edrito do Senhor\" data-rel=\"\" data-target=\"\" data-meta=\"#fap-meta-69e1a0aeb289b\" class=\"fap-single-track fap-track-button fap-play-button\" data-enqueue=\"no\" data-autoenqueue=\"no\" title=\"O Esp\u00edrito do Senhor\"><span class=\"fap-icon-play\"><\/span>Ouvir<\/span> <a href=\"https:\/\/www.irdin.org.br\/site\/envios\/audios\/2907_0001__por_por__o_espirito_do_senhor.mp3\" class=\"baixar\" download><span class=\"fa fa-arrow-down\"><\/span>Baixar<\/span><\/a> <span class=\"textobaixar\"> O Esp\u00edrito do Senhor<\/span><\/p>\n<p>&nbsp;<\/p>\n","protected":false},"excerpt":{"rendered":"<p>Uma emana\u00e7\u00e3o da ess\u00eancia do Amor-Sabedoria \/ O esp\u00edrito universal que permeia a manifesta\u00e7\u00e3o c\u00f3smica \/ Mergulhando em Fontes Imateriais<\/p>\n","protected":false},"featured_media":37803,"template":"","meta":{"_acf_changed":false},"product_brand":[],"product_cat":[18076,33068],"product_tag":[43661],"class_list":{"0":"post-85906","1":"product","2":"type-product","3":"status-publish","4":"has-post-thumbnail","6":"product_cat-cddvd","7":"product_cat-palestras","8":"product_tag-43661","9":"pa_autor-frei-luciano","10":"pa_codigo-da-serie-28626","11":"pa_codigo-externo-2907-0001-por-por-cd","12":"pa_duracao-61-min","13":"pa_idioma-de-destino-portugues","14":"pa_idioma-de-origem-portugues","15":"pa_lancamento-yes","16":"pa_midia-cd","17":"pa_moac-43659","18":"pa_quantidade-de-saldo-33067","19":"pa_sequencial-da-serie-31877","20":"pa_tipo-de-traducao-nao-classificado","22":"first","23":"outofstock","24":"product-type-simple"},"acf":[],"_links":{"self":[{"href":"https:\/\/www.irdin.org.br\/site\/wp-json\/wp\/v2\/product\/85906","targetHints":{"allow":["GET"]}}],"collection":[{"href":"https:\/\/www.irdin.org.br\/site\/wp-json\/wp\/v2\/product"}],"about":[{"href":"https:\/\/www.irdin.org.br\/site\/wp-json\/wp\/v2\/types\/product"}],"version-history":[{"count":2,"href":"https:\/\/www.irdin.org.br\/site\/wp-json\/wp\/v2\/product\/85906\/revisions"}],"predecessor-version":[{"id":106999,"href":"https:\/\/www.irdin.org.br\/site\/wp-json\/wp\/v2\/product\/85906\/revisions\/106999"}],"wp:featuredmedia":[{"embeddable":true,"href":"https:\/\/www.irdin.org.br\/site\/wp-json\/wp\/v2\/media\/37803"}],"wp:attachment":[{"href":"https:\/\/www.irdin.org.br\/site\/wp-json\/wp\/v2\/media?parent=85906"}],"wp:term":[{"taxonomy":"product_brand","embeddable":true,"href":"https:\/\/www.irdin.org.br\/site\/wp-json\/wp\/v2\/product_brand?post=85906"},{"taxonomy":"product_cat","embeddable":true,"href":"https:\/\/www.irdin.org.br\/site\/wp-json\/wp\/v2\/product_cat?post=85906"},{"taxonomy":"product_tag","embeddable":true,"href":"https:\/\/www.irdin.org.br\/site\/wp-json\/wp\/v2\/product_tag?post=85906"}],"curies":[{"name":"wp","href":"https:\/\/api.w.org\/{rel}","templated":true}]}}