{"id":86038,"date":"2018-12-17T10:35:50","date_gmt":"2018-12-17T10:35:50","guid":{"rendered":"http:\/\/www.irdin.org.br\/site\/?post_type=product&#038;p=86038"},"modified":"2026-03-06T08:30:11","modified_gmt":"2026-03-06T11:30:11","slug":"9788554410117","status":"publish","type":"product","link":"https:\/\/www.irdin.org.br\/site\/produtos\/9788554410117\/","title":{"rendered":"Novos Tempos, Nova Postura"},"content":{"rendered":"<p>O homem ultrapassa o grau permitido de desajuste e de interfer\u00eancia nas leis planet\u00e1rias. Levado pela ambi\u00e7\u00e3o, pelo orgulho e pela necessidade de satisfa\u00e7\u00e3o de seus mais grosseiros apetites, teve atua\u00e7\u00e3o nefasta na Natureza. Agora, nos dias que restam deste ciclo, antes que um holocausto ocorra liberando ent\u00e3o o planeta para uma etapa mais luminosa e sutil, a purifica\u00e7\u00e3o e a transmuta\u00e7\u00e3o, em todos os Reinos da Natureza, ser\u00e3o os processos a serem assumidos tanto na consci\u00eancia quanto na pr\u00e1tica da vida.<br \/>\nO despertar da Terra, entretanto, n\u00e3o depende de uma decis\u00e3o humana. Seja qual for o caminho assumido pela perdida parcela desta humanidade, a libera\u00e7\u00e3o e a luz se implantar\u00e3o neste planeta.<br \/>\nIsso est\u00e1 decidido pelo Universo, e por tal raz\u00e3o os Irm\u00e3os do Cosmos est\u00e3o presentes. Ao homem cabe entregar-se \u00e0 Lei Suprema e desapegar-se.<\/p>\n<p><a class=\"pdf\" href=\"\/pdf\/Novos_tempos_nova_postura_por_WEB.pdf\" target=\"_blank\" rel=\"noopener\">Baixar Gratuitamente<\/a><\/p>\n<p>&nbsp;<\/p>\n","protected":false},"excerpt":{"rendered":"<p>O homem ultrapassa o grau permitido de desajuste e de interfer\u00eancia nas leis planet\u00e1rias. Levado pela ambi\u00e7\u00e3o, pelo orgulho e<\/p>\n","protected":false},"featured_media":87169,"template":"","meta":{"_acf_changed":false},"product_brand":[],"product_cat":[33286,17972],"product_tag":[43909],"class_list":{"0":"post-86038","1":"product","2":"type-product","3":"status-publish","4":"has-post-thumbnail","6":"product_cat-livro","7":"product_cat-livros-livro","8":"product_tag-novos-tempos-nova-postura","9":"pa_autor-trigueirinho","10":"pa_classe-do-produto-fisico","11":"pa_codigo-externo-tr081irp","12":"pa_data-de-edicao-01-12-2018","13":"pa_data-de-lancamento-19-12-2018","14":"pa_edicao-17979","15":"pa_familia-livros","16":"pa_idioma-de-destino-portugues","17":"pa_lancamento-yes","18":"pa_midia-papel","19":"pa_quantidade-de-paginas-21785","21":"first","22":"instock","23":"purchasable","24":"product-type-simple"},"acf":[],"_links":{"self":[{"href":"https:\/\/www.irdin.org.br\/site\/wp-json\/wp\/v2\/product\/86038","targetHints":{"allow":["GET"]}}],"collection":[{"href":"https:\/\/www.irdin.org.br\/site\/wp-json\/wp\/v2\/product"}],"about":[{"href":"https:\/\/www.irdin.org.br\/site\/wp-json\/wp\/v2\/types\/product"}],"version-history":[{"count":2,"href":"https:\/\/www.irdin.org.br\/site\/wp-json\/wp\/v2\/product\/86038\/revisions"}],"predecessor-version":[{"id":106399,"href":"https:\/\/www.irdin.org.br\/site\/wp-json\/wp\/v2\/product\/86038\/revisions\/106399"}],"wp:featuredmedia":[{"embeddable":true,"href":"https:\/\/www.irdin.org.br\/site\/wp-json\/wp\/v2\/media\/87169"}],"wp:attachment":[{"href":"https:\/\/www.irdin.org.br\/site\/wp-json\/wp\/v2\/media?parent=86038"}],"wp:term":[{"taxonomy":"product_brand","embeddable":true,"href":"https:\/\/www.irdin.org.br\/site\/wp-json\/wp\/v2\/product_brand?post=86038"},{"taxonomy":"product_cat","embeddable":true,"href":"https:\/\/www.irdin.org.br\/site\/wp-json\/wp\/v2\/product_cat?post=86038"},{"taxonomy":"product_tag","embeddable":true,"href":"https:\/\/www.irdin.org.br\/site\/wp-json\/wp\/v2\/product_tag?post=86038"}],"curies":[{"name":"wp","href":"https:\/\/api.w.org\/{rel}","templated":true}]}}

<p>O homem ultrapassa o grau permitido de desajuste e de interferência nas leis planetárias. Levado pela ambição, pelo orgulho e pela necessidade de satisfação de seus mais grosseiros apetites, teve atuação nefasta na Natureza. Agora, nos dias que restam deste ciclo, antes que um holocausto ocorra liberando então o planeta para uma etapa mais luminosa e sutil, a purificação e a transmutação, em todos os Reinos da Natureza, serão os processos a serem assumidos tanto na consciência quanto na prática da vida.<br />
O despertar da Terra, entretanto, não depende de uma decisão humana. Seja qual for o caminho assumido pela perdida parcela desta humanidade, a liberação e a luz se implantarão neste planeta.<br />
Isso está decidido pelo Universo, e por tal razão os Irmãos do Cosmos estão presentes. Ao homem cabe entregar-se à Lei Suprema e desapegar-se.</p>
<p><a class="pdf" href="/pdf/Novos_tempos_nova_postura_por_WEB.pdf" target="_blank" rel="noopener">Baixar Gratuitamente</a></p>
<p>&nbsp;</p>

<p>O homem ultrapassa o grau permitido de desajuste e de interferência nas leis planetárias. Levado pela ambição, pelo orgulho e</p>
