{"id":86095,"date":"2018-12-20T16:02:04","date_gmt":"2018-12-20T16:02:04","guid":{"rendered":"http:\/\/www.irdin.org.br\/site\/?post_type=product&#038;p=86095"},"modified":"2019-12-18T16:35:40","modified_gmt":"2019-12-18T16:35:40","slug":"conversas-especiais-58","status":"publish","type":"product","link":"https:\/\/www.irdin.org.br\/site\/produtos\/conversas-especiais-58\/","title":{"rendered":"Conversas especiais &#8211; 58"},"content":{"rendered":"<p>Andr\u00e9s, o sil\u00eancio e o perd\u00e3o \/ Monast\u00e9rio e ren\u00fancia ao mundo \/ Voltagem e n\u00edveis de fogo \/ A perfei\u00e7\u00e3o nos Reinos da Natureza \/ Atributo: &#8220;Buscar acesso a todos os n\u00edveis do ser&#8221;\/ O que \u00e9 ser criador?<\/p>\n<p>&nbsp;<br \/>\n<strong>Ou\u00e7a agora:<\/strong><\/p>\n<p><span data-href=\"https:\/\/www.irdin.org.br\/site\/envios\/audios\/0068_0058__por_por__conversas_especiais_n58.mp3\" data-title=\"conversas especiais - 58\" data-rel=\"\" data-target=\"\" data-meta=\"#fap-meta-6a021abd691a1\" class=\"fap-single-track fap-track-button fap-play-button\" data-enqueue=\"no\" data-autoenqueue=\"no\" title=\"conversas especiais - 58\"><span class=\"fap-icon-play\"><\/span>Ouvir<\/span> <a href=\"https:\/\/www.irdin.org.br\/site\/envios\/audios\/0068_0058__por_por__conversas_especiais_n58.mp3\" class=\"baixar\" download><span class=\"fa fa-arrow-down\"><\/span>Baixar<\/span><\/a> <span class=\"textobaixar\"> conversas especiais &#8211; 58<\/span><\/p>\n<p>&nbsp;<\/p>\n","protected":false},"excerpt":{"rendered":"<p>Andr\u00e9s, o sil\u00eancio e o perd\u00e3o \/ Monast\u00e9rio e ren\u00fancia ao mundo \/ Voltagem e n\u00edveis de fogo \/ A<\/p>\n","protected":false},"featured_media":37803,"template":"","meta":{"_acf_changed":false},"product_brand":[],"product_cat":[18076,33068],"product_tag":[43674],"class_list":{"0":"post-86095","1":"product","2":"type-product","3":"status-publish","4":"has-post-thumbnail","6":"product_cat-cddvd","7":"product_cat-palestras","8":"product_tag-43674","9":"pa_autor-trigueirinho","10":"pa_codigo-da-serie-31894","11":"pa_codigo-externo-00680058porcd","12":"pa_data-de-gravacao-25929","13":"pa_duracao-33m13s","14":"pa_idioma-de-destino-portugues","15":"pa_idioma-de-origem-portugues","16":"pa_lancamento-no","17":"pa_midia-cd","18":"pa_moac-43673","19":"pa_quantidade-de-saldo-33067","20":"pa_sequencial-da-serie-31933","21":"pa_tipo-de-traducao-nao-classificado","23":"first","24":"outofstock","25":"product-type-simple"},"acf":[],"_links":{"self":[{"href":"https:\/\/www.irdin.org.br\/site\/wp-json\/wp\/v2\/product\/86095","targetHints":{"allow":["GET"]}}],"collection":[{"href":"https:\/\/www.irdin.org.br\/site\/wp-json\/wp\/v2\/product"}],"about":[{"href":"https:\/\/www.irdin.org.br\/site\/wp-json\/wp\/v2\/types\/product"}],"version-history":[{"count":0,"href":"https:\/\/www.irdin.org.br\/site\/wp-json\/wp\/v2\/product\/86095\/revisions"}],"wp:featuredmedia":[{"embeddable":true,"href":"https:\/\/www.irdin.org.br\/site\/wp-json\/wp\/v2\/media\/37803"}],"wp:attachment":[{"href":"https:\/\/www.irdin.org.br\/site\/wp-json\/wp\/v2\/media?parent=86095"}],"wp:term":[{"taxonomy":"product_brand","embeddable":true,"href":"https:\/\/www.irdin.org.br\/site\/wp-json\/wp\/v2\/product_brand?post=86095"},{"taxonomy":"product_cat","embeddable":true,"href":"https:\/\/www.irdin.org.br\/site\/wp-json\/wp\/v2\/product_cat?post=86095"},{"taxonomy":"product_tag","embeddable":true,"href":"https:\/\/www.irdin.org.br\/site\/wp-json\/wp\/v2\/product_tag?post=86095"}],"curies":[{"name":"wp","href":"https:\/\/api.w.org\/{rel}","templated":true}]}}