{"id":86143,"date":"2018-12-31T16:41:21","date_gmt":"2018-12-31T16:41:21","guid":{"rendered":"http:\/\/www.irdin.org.br\/site\/?post_type=product&#038;p=86143"},"modified":"2024-09-09T02:53:56","modified_gmt":"2024-09-09T02:53:56","slug":"conversas-com-trigueirinho-no-664","status":"publish","type":"product","link":"https:\/\/www.irdin.org.br\/site\/produtos\/conversas-com-trigueirinho-no-664\/","title":{"rendered":"Conversas com Trigueirinho n\u00ba 664"},"content":{"rendered":"<p>Magnetismo \/ Sonho com aves \/ Orienta\u00e7\u00e3o de Ahkiuk \/ Lei dos Fogos Interdimensionais \/ N\u00e3o se envolver com processos alheios \/ Vis\u00e3o dos extraterrestres sobre alimenta\u00e7\u00e3o \/ Como elevar a energia sexual \/ O que \u00e9 arte? \/ Vis\u00e3o dos extraterrestres sobre o sono \/ Sonho com baleias \/ Cidade Branca e os cristais<\/p>\n<p>&nbsp;<br \/>\n<strong>Ou\u00e7a agora:<\/strong><\/p>\n<p><span data-href=\"https:\/\/www.irdin.org.br\/site\/envios\/audios\/0023_0664__por_por__conversas_com_trigueirinho_n664.mp3\" data-title=\"Conversas com Trigueirinho n\u00ba 666\" data-rel=\"\" data-target=\"\" data-meta=\"#fap-meta-69e2d190a75c3\" class=\"fap-single-track fap-track-button fap-play-button\" data-enqueue=\"no\" data-autoenqueue=\"no\" title=\"Conversas com Trigueirinho n\u00ba 666\"><span class=\"fap-icon-play\"><\/span>Ouvir<\/span> <a href='https:\/\/www.irdin.org.br\/site\/envios\/audios\/0023_0664__por_por__conversas_com_trigueirinho_n664.mp3' class='baixar'><span class='fa fa-arrow-down'><\/span>Baixar<\/span><\/a> <span class='textobaixar'> Conversas com Trigueirinho n\u00ba 664<\/span><\/p>\n","protected":false},"excerpt":{"rendered":"<p>Magnetismo \/ Sonho com aves \/ Orienta\u00e7\u00e3o de Ahkiuk \/ Lei dos Fogos Interdimensionais \/ N\u00e3o se envolver com processos<\/p>\n","protected":false},"featured_media":37479,"template":"","meta":{"_acf_changed":false},"product_brand":[],"product_cat":[18076,43099],"product_tag":[43682],"class_list":{"0":"post-86143","1":"product","2":"type-product","3":"status-publish","4":"has-post-thumbnail","6":"product_cat-cddvd","7":"product_cat-palestras-cddvd","8":"product_tag-43682","9":"pa_autor-trigueirinho","10":"pa_codigo-da-serie-31985","11":"pa_codigo-de-barras-29686","12":"pa_codigo-externo-00230664porcd","13":"pa_data-de-edicao-24972","14":"pa_data-de-gravacao-29682","15":"pa_data-de-lancamento-24973","16":"pa_duracao-54min5s","17":"pa_idioma-de-destino-portugues","18":"pa_idioma-de-origem-portugues","19":"pa_lancamento-no","20":"pa_midia-cd","21":"pa_moac-43681","22":"pa_quantidade-de-saldo-33067","23":"pa_sequencial-da-serie-32507","24":"pa_tipo-de-traducao-nao-traduzido","26":"first","27":"outofstock","28":"product-type-simple"},"acf":[],"_links":{"self":[{"href":"https:\/\/www.irdin.org.br\/site\/wp-json\/wp\/v2\/product\/86143","targetHints":{"allow":["GET"]}}],"collection":[{"href":"https:\/\/www.irdin.org.br\/site\/wp-json\/wp\/v2\/product"}],"about":[{"href":"https:\/\/www.irdin.org.br\/site\/wp-json\/wp\/v2\/types\/product"}],"version-history":[{"count":1,"href":"https:\/\/www.irdin.org.br\/site\/wp-json\/wp\/v2\/product\/86143\/revisions"}],"predecessor-version":[{"id":106996,"href":"https:\/\/www.irdin.org.br\/site\/wp-json\/wp\/v2\/product\/86143\/revisions\/106996"}],"wp:featuredmedia":[{"embeddable":true,"href":"https:\/\/www.irdin.org.br\/site\/wp-json\/wp\/v2\/media\/37479"}],"wp:attachment":[{"href":"https:\/\/www.irdin.org.br\/site\/wp-json\/wp\/v2\/media?parent=86143"}],"wp:term":[{"taxonomy":"product_brand","embeddable":true,"href":"https:\/\/www.irdin.org.br\/site\/wp-json\/wp\/v2\/product_brand?post=86143"},{"taxonomy":"product_cat","embeddable":true,"href":"https:\/\/www.irdin.org.br\/site\/wp-json\/wp\/v2\/product_cat?post=86143"},{"taxonomy":"product_tag","embeddable":true,"href":"https:\/\/www.irdin.org.br\/site\/wp-json\/wp\/v2\/product_tag?post=86143"}],"curies":[{"name":"wp","href":"https:\/\/api.w.org\/{rel}","templated":true}]}}