{"id":86154,"date":"2018-12-31T17:33:39","date_gmt":"2018-12-31T17:33:39","guid":{"rendered":"http:\/\/www.irdin.org.br\/site\/?post_type=product&#038;p=86154"},"modified":"2025-03-15T18:33:32","modified_gmt":"2025-03-15T18:33:32","slug":"spirituelle-arbeit-mit-dem-mentalen","status":"publish","type":"product","link":"https:\/\/www.irdin.org.br\/site\/produtos\/spirituelle-arbeit-mit-dem-mentalen\/","title":{"rendered":"Spirituelle Arbeit mit dem Mentalen"},"content":{"rendered":"<p>Die innere Lehre taucht aus den Tiefenschichten des Wesens in dem Ma\u00dfe auf, in dem das Mentale zum Schweigen kommt.<br \/>\nWer offen f\u00fcr sie ist, kann die Br\u00fccke zwischen der materiellen und der spirituellen Seite des Mentalen und zwischen dem Mentalen und dem Herzen \u00fcberschreiten.<br \/>\nDies geschieht auf einfache Weise und mit einem durch die Reinheit des Dienstes am Guten erleuchteten Bewusstsein.<\/p>\n<p><a class=\"pdf\" href=\"\/pdf\/Spirituelle Arbeit mit dem Mentalen_WEB.pdf\" target=\"_blank\" rel=\"noopener\">Baixar Gratuitamente<\/a><\/p>\n<p>&nbsp;<\/p>\n","protected":false},"excerpt":{"rendered":"<p>Die innere Lehre taucht aus den Tiefenschichten des Wesens in dem Ma\u00dfe auf, in dem das Mentale zum Schweigen kommt.<\/p>\n","protected":false},"featured_media":86155,"template":"","meta":{"_acf_changed":false},"product_brand":[],"product_cat":[33286,17972],"product_tag":[33362],"class_list":{"0":"post-86154","1":"product","2":"type-product","3":"status-publish","4":"has-post-thumbnail","6":"product_cat-livro","7":"product_cat-livros-livro","8":"product_tag-33362","9":"pa_autor-trigueirinho","10":"pa_classe-do-produto-fisico","11":"pa_codigo-de-barras-23552","12":"pa_idioma-de-destino-alemao","13":"pa_idioma-de-origem-portugues","14":"pa_lancamento-no","15":"pa_midia-papel","16":"pa_quantidade-de-paginas-43686","17":"pa_tipo-de-traducao-nao-classificado","19":"first","20":"outofstock","21":"product-type-simple"},"acf":[],"_links":{"self":[{"href":"https:\/\/www.irdin.org.br\/site\/wp-json\/wp\/v2\/product\/86154","targetHints":{"allow":["GET"]}}],"collection":[{"href":"https:\/\/www.irdin.org.br\/site\/wp-json\/wp\/v2\/product"}],"about":[{"href":"https:\/\/www.irdin.org.br\/site\/wp-json\/wp\/v2\/types\/product"}],"version-history":[{"count":1,"href":"https:\/\/www.irdin.org.br\/site\/wp-json\/wp\/v2\/product\/86154\/revisions"}],"predecessor-version":[{"id":108271,"href":"https:\/\/www.irdin.org.br\/site\/wp-json\/wp\/v2\/product\/86154\/revisions\/108271"}],"wp:featuredmedia":[{"embeddable":true,"href":"https:\/\/www.irdin.org.br\/site\/wp-json\/wp\/v2\/media\/86155"}],"wp:attachment":[{"href":"https:\/\/www.irdin.org.br\/site\/wp-json\/wp\/v2\/media?parent=86154"}],"wp:term":[{"taxonomy":"product_brand","embeddable":true,"href":"https:\/\/www.irdin.org.br\/site\/wp-json\/wp\/v2\/product_brand?post=86154"},{"taxonomy":"product_cat","embeddable":true,"href":"https:\/\/www.irdin.org.br\/site\/wp-json\/wp\/v2\/product_cat?post=86154"},{"taxonomy":"product_tag","embeddable":true,"href":"https:\/\/www.irdin.org.br\/site\/wp-json\/wp\/v2\/product_tag?post=86154"}],"curies":[{"name":"wp","href":"https:\/\/api.w.org\/{rel}","templated":true}]}}