{"id":86156,"date":"2018-12-31T17:44:23","date_gmt":"2018-12-31T17:44:23","guid":{"rendered":"http:\/\/www.irdin.org.br\/site\/?post_type=product&#038;p=86156"},"modified":"2025-03-15T18:33:18","modified_gmt":"2025-03-15T18:33:18","slug":"tor-zum-inneren-leben","status":"publish","type":"product","link":"https:\/\/www.irdin.org.br\/site\/produtos\/tor-zum-inneren-leben\/","title":{"rendered":"Tor zum inneren Leben"},"content":{"rendered":"<p>Viele sind sich des spirituellen Weges bewusst, sowohl in Bezug auf philosophische Aspekte als auch in Bezug auf die Praxis, die Umwandlung des eigenen Daseins.<br \/>\nNicht immer jedoch gen\u00fcgt die vorhandene Kraft, um auf dem Weg weiterzugehen.<br \/>\nAus diesem Grund weist die spirituelle Lehre auf die Empf\u00e4nglichkeit f\u00fcr transzendente Energien hin, Energien, die mittels der reinen Liebe zum G\u00f6ttlichen Umwandlungen vollziehen.<br \/>\nNeues Bewusstsein k\u00fcndigt sich mit gro\u00dfer Geschwindigkeit und \u00fcberall auf Erden an; die Empf\u00e4nglichkeit des Menschen erm\u00f6glicht es ihm mit diesem Neuen in Einklang zu kommen.<\/p>\n<p><a class=\"pdf\" href=\"\/pdf\/Tor_web.pdf\" target=\"_blank\" rel=\"noopener\">Baixar Gratuitamente<\/a><\/p>\n<p>&nbsp;<\/p>\n","protected":false},"excerpt":{"rendered":"<p>Viele sind sich des spirituellen Weges bewusst, sowohl in Bezug auf philosophische Aspekte als auch in Bezug auf die Praxis,<\/p>\n","protected":false},"featured_media":86157,"template":"","meta":{"_acf_changed":false},"product_brand":[],"product_cat":[33286,17972],"product_tag":[33362],"class_list":{"0":"post-86156","1":"product","2":"type-product","3":"status-publish","4":"has-post-thumbnail","6":"product_cat-livro","7":"product_cat-livros-livro","8":"product_tag-33362","9":"pa_autor-trigueirinho","10":"pa_classe-do-produto-fisico","11":"pa_idioma-de-destino-alemao","12":"pa_idioma-de-origem-portugues","13":"pa_lancamento-no","14":"pa_midia-papel","15":"pa_quantidade-de-paginas-22083","16":"pa_tipo-de-traducao-nao-classificado","18":"first","19":"outofstock","20":"product-type-simple"},"acf":[],"_links":{"self":[{"href":"https:\/\/www.irdin.org.br\/site\/wp-json\/wp\/v2\/product\/86156","targetHints":{"allow":["GET"]}}],"collection":[{"href":"https:\/\/www.irdin.org.br\/site\/wp-json\/wp\/v2\/product"}],"about":[{"href":"https:\/\/www.irdin.org.br\/site\/wp-json\/wp\/v2\/types\/product"}],"version-history":[{"count":1,"href":"https:\/\/www.irdin.org.br\/site\/wp-json\/wp\/v2\/product\/86156\/revisions"}],"predecessor-version":[{"id":108270,"href":"https:\/\/www.irdin.org.br\/site\/wp-json\/wp\/v2\/product\/86156\/revisions\/108270"}],"wp:featuredmedia":[{"embeddable":true,"href":"https:\/\/www.irdin.org.br\/site\/wp-json\/wp\/v2\/media\/86157"}],"wp:attachment":[{"href":"https:\/\/www.irdin.org.br\/site\/wp-json\/wp\/v2\/media?parent=86156"}],"wp:term":[{"taxonomy":"product_brand","embeddable":true,"href":"https:\/\/www.irdin.org.br\/site\/wp-json\/wp\/v2\/product_brand?post=86156"},{"taxonomy":"product_cat","embeddable":true,"href":"https:\/\/www.irdin.org.br\/site\/wp-json\/wp\/v2\/product_cat?post=86156"},{"taxonomy":"product_tag","embeddable":true,"href":"https:\/\/www.irdin.org.br\/site\/wp-json\/wp\/v2\/product_tag?post=86156"}],"curies":[{"name":"wp","href":"https:\/\/api.w.org\/{rel}","templated":true}]}}