{"id":86202,"date":"2019-01-17T15:48:31","date_gmt":"2019-01-17T15:48:31","guid":{"rendered":"http:\/\/www.irdin.org.br\/site\/?post_type=product&#038;p=86202"},"modified":"2026-04-04T10:30:40","modified_gmt":"2026-04-04T13:30:40","slug":"2o-encontro-da-ordem-graca-misericordia","status":"publish","type":"product","link":"https:\/\/www.irdin.org.br\/site\/produtos\/2o-encontro-da-ordem-graca-misericordia\/","title":{"rendered":"2\u00ba Encontro da Ordem Gra\u00e7a Miseric\u00f3rdia"},"content":{"rendered":"<p>Realizado de 5 a7 de Julho de 2011, com a participa\u00e7\u00e3o de Trigueirinho e Shimani.<\/p>\n<p><strong>Faixas:<\/strong><\/p>\n<p><span data-href=\"https:\/\/www.irdin.org.br\/site\/envios\/audios\/0021_0034__por_por__sinteses_para_monasterio_parte_1.mp3\" data-title=\"1 - s\u00ednteses para monast\u00e9rio - parte 1\" data-rel=\"\" data-target=\"\" data-meta=\"#fap-meta-69fa0b6e4aa6a\" class=\"fap-single-track fap-track-button fap-play-button\" data-enqueue=\"no\" data-autoenqueue=\"no\" title=\"1 - s\u00ednteses para monast\u00e9rio - parte 1\"><span class=\"fap-icon-play\"><\/span>Ouvir<\/span> <a class=\"baixar\" href=\"https:\/\/www.irdin.org.br\/site\/envios\/audios\/0021_0034__por_por__sinteses_para_monasterio_parte_1.mp3\" download=\"\">Baixar<\/a> <span class=\"textobaixar\"> 1 &#8211; s\u00ednteses para monast\u00e9rio &#8211; parte 1<\/span><br \/>\n<span data-href=\"https:\/\/www.irdin.org.br\/site\/envios\/audios\/0021_0035__por_por__sinteses_para_monasterio_parte_2.mp3\" data-title=\"2 - s\u00ednteses para monast\u00e9rio - parte 2\" data-rel=\"\" data-target=\"\" data-meta=\"#fap-meta-69fa0b6e4ab6f\" class=\"fap-single-track fap-track-button fap-play-button\" data-enqueue=\"no\" data-autoenqueue=\"no\" title=\"2 - s\u00ednteses para monast\u00e9rio - parte 2\"><span class=\"fap-icon-play\"><\/span>Ouvir<\/span> <a class=\"baixar\" href=\"https:\/\/www.irdin.org.br\/site\/envios\/audios\/0021_0035__por_por__sinteses_para_monasterio_parte_2.mp3\" download=\"\">Baixar<\/a> <span class=\"textobaixar\"> 2 &#8211; s\u00ednteses para monast\u00e9rio &#8211; parte 2<\/span><br \/>\n<span data-href=\"https:\/\/www.irdin.org.br\/site\/envios\/audios\/2106_0003__spa_spa__obediencia.mp3\" data-title=\"3 - obedi\u00eancia\" data-rel=\"\" data-target=\"\" data-meta=\"#fap-meta-69fa0b6e4ac95\" class=\"fap-single-track fap-track-button fap-play-button\" data-enqueue=\"no\" data-autoenqueue=\"no\" title=\"3 - obedi\u00eancia\"><span class=\"fap-icon-play\"><\/span>Ouvir<\/span> <a class=\"baixar\" href=\"https:\/\/www.irdin.org.br\/site\/envios\/audios\/2106_0003__spa_spa__obediencia.mp3\" download=\"\">Baixar<\/a> <span class=\"textobaixar\"> 3 &#8211; obedi\u00eancia<\/span><\/p>\n<p>&nbsp;<\/p>\n","protected":false},"excerpt":{"rendered":"<p>Realizado de 5 a7 de Julho de 2011, com a participa\u00e7\u00e3o de Trigueirinho e Shimani. Faixas: Baixar 1 &#8211; s\u00ednteses<\/p>\n","protected":false},"featured_media":85449,"template":"","meta":{"_acf_changed":false},"product_brand":[],"product_cat":[18076,33068],"product_tag":[38961],"class_list":{"0":"post-86202","1":"product","2":"type-product","3":"status-publish","4":"has-post-thumbnail","6":"product_cat-cddvd","7":"product_cat-palestras","8":"product_tag-38961","9":"pa_autor-ordem-graca-misericordia","10":"pa_autor-trigueirinho","11":"pa_codigo-da-serie-23922","12":"pa_data-de-gravacao-20635","13":"pa_idioma-de-destino-portugues","14":"pa_lancamento-no","15":"pa_midia-cd","16":"pa_moac-38960","17":"pa_quantidade-de-saldo-33067","18":"pa_sequencial-da-serie-31871","19":"pa_tipo-de-traducao-nao-classificado","21":"first","22":"outofstock","23":"product-type-simple"},"acf":[],"_links":{"self":[{"href":"https:\/\/www.irdin.org.br\/site\/wp-json\/wp\/v2\/product\/86202","targetHints":{"allow":["GET"]}}],"collection":[{"href":"https:\/\/www.irdin.org.br\/site\/wp-json\/wp\/v2\/product"}],"about":[{"href":"https:\/\/www.irdin.org.br\/site\/wp-json\/wp\/v2\/types\/product"}],"version-history":[{"count":2,"href":"https:\/\/www.irdin.org.br\/site\/wp-json\/wp\/v2\/product\/86202\/revisions"}],"predecessor-version":[{"id":110746,"href":"https:\/\/www.irdin.org.br\/site\/wp-json\/wp\/v2\/product\/86202\/revisions\/110746"}],"wp:featuredmedia":[{"embeddable":true,"href":"https:\/\/www.irdin.org.br\/site\/wp-json\/wp\/v2\/media\/85449"}],"wp:attachment":[{"href":"https:\/\/www.irdin.org.br\/site\/wp-json\/wp\/v2\/media?parent=86202"}],"wp:term":[{"taxonomy":"product_brand","embeddable":true,"href":"https:\/\/www.irdin.org.br\/site\/wp-json\/wp\/v2\/product_brand?post=86202"},{"taxonomy":"product_cat","embeddable":true,"href":"https:\/\/www.irdin.org.br\/site\/wp-json\/wp\/v2\/product_cat?post=86202"},{"taxonomy":"product_tag","embeddable":true,"href":"https:\/\/www.irdin.org.br\/site\/wp-json\/wp\/v2\/product_tag?post=86202"}],"curies":[{"name":"wp","href":"https:\/\/api.w.org\/{rel}","templated":true}]}}