{"id":86285,"date":"2019-02-08T15:32:33","date_gmt":"2019-02-08T15:32:33","guid":{"rendered":"https:\/\/www.irdin.org.br\/site\/?post_type=product&#038;p=86285"},"modified":"2024-09-09T02:50:10","modified_gmt":"2024-09-09T02:50:10","slug":"doencas-especiais-e-perigos-extremos","status":"publish","type":"product","link":"https:\/\/www.irdin.org.br\/site\/produtos\/doencas-especiais-e-perigos-extremos\/","title":{"rendered":"Doen\u00e7as especiais e perigos extremos"},"content":{"rendered":"<p>Como prover prote\u00e7\u00e3o e seguran\u00e7a em situa\u00e7\u00f5es anormais e tratar doen\u00e7as especiais.<\/p>\n<p>&nbsp;<br \/>\n<strong>Ou\u00e7a agora:<\/strong><\/p>\n<p><span data-href=\"https:\/\/www.irdin.org.br\/site\/envios\/audios\/0024_0002__por_por__doencas_especiais_e_perigos_extremos.mp3\" data-title=\"doen\u00e7as especiais e perigos extremos\" data-rel=\"\" data-target=\"\" data-meta=\"#fap-meta-69e88847d4aa5\" class=\"fap-single-track fap-track-button fap-play-button\" data-enqueue=\"no\" data-autoenqueue=\"no\" title=\"doen\u00e7as especiais e perigos extremos\"><span class=\"fap-icon-play\"><\/span>Ouvir<\/span> <a href=\"https:\/\/www.irdin.org.br\/site\/envios\/audios\/0024_0002__por_por__doencas_especiais_e_perigos_extremos.mp3\" class=\"baixar\" download><span class=\"fa fa-arrow-down\"><\/span>Baixar<\/span><\/a> <span class=\"textobaixar\"> doen\u00e7as especiais e perigos extremos<\/span><\/p>\n<p>&nbsp;<\/p>\n","protected":false},"excerpt":{"rendered":"<p>Como prover prote\u00e7\u00e3o e seguran\u00e7a em situa\u00e7\u00f5es anormais e tratar doen\u00e7as especiais. &nbsp; Ou\u00e7a agora: Baixar doen\u00e7as especiais e perigos<\/p>\n","protected":false},"featured_media":37803,"template":"","meta":{"_acf_changed":false},"product_brand":[],"product_cat":[18076,33068,43099],"product_tag":[43715],"class_list":{"0":"post-86285","1":"product","2":"type-product","3":"status-publish","4":"has-post-thumbnail","6":"product_cat-cddvd","7":"product_cat-palestras","8":"product_cat-palestras-cddvd","9":"product_tag-43715","10":"pa_autor-trigueirinho","11":"pa_codigo-da-serie-32774","12":"pa_codigo-externo-00240002porcd","13":"pa_data-de-gravacao-30498","14":"pa_duracao-46min15s","15":"pa_idioma-de-destino-portugues","16":"pa_idioma-de-origem-portugues","17":"pa_lancamento-no","18":"pa_midia-cd","19":"pa_moac-43714","20":"pa_sequencial-da-serie-31878","21":"pa_tipo-de-traducao-nao-classificado","23":"first","24":"outofstock","25":"product-type-simple"},"acf":[],"_links":{"self":[{"href":"https:\/\/www.irdin.org.br\/site\/wp-json\/wp\/v2\/product\/86285","targetHints":{"allow":["GET"]}}],"collection":[{"href":"https:\/\/www.irdin.org.br\/site\/wp-json\/wp\/v2\/product"}],"about":[{"href":"https:\/\/www.irdin.org.br\/site\/wp-json\/wp\/v2\/types\/product"}],"version-history":[{"count":1,"href":"https:\/\/www.irdin.org.br\/site\/wp-json\/wp\/v2\/product\/86285\/revisions"}],"predecessor-version":[{"id":106980,"href":"https:\/\/www.irdin.org.br\/site\/wp-json\/wp\/v2\/product\/86285\/revisions\/106980"}],"wp:featuredmedia":[{"embeddable":true,"href":"https:\/\/www.irdin.org.br\/site\/wp-json\/wp\/v2\/media\/37803"}],"wp:attachment":[{"href":"https:\/\/www.irdin.org.br\/site\/wp-json\/wp\/v2\/media?parent=86285"}],"wp:term":[{"taxonomy":"product_brand","embeddable":true,"href":"https:\/\/www.irdin.org.br\/site\/wp-json\/wp\/v2\/product_brand?post=86285"},{"taxonomy":"product_cat","embeddable":true,"href":"https:\/\/www.irdin.org.br\/site\/wp-json\/wp\/v2\/product_cat?post=86285"},{"taxonomy":"product_tag","embeddable":true,"href":"https:\/\/www.irdin.org.br\/site\/wp-json\/wp\/v2\/product_tag?post=86285"}],"curies":[{"name":"wp","href":"https:\/\/api.w.org\/{rel}","templated":true}]}}