{"id":86425,"date":"2019-03-29T18:30:15","date_gmt":"2019-03-29T18:30:15","guid":{"rendered":"https:\/\/www.irdin.org.br\/site\/?post_type=product&#038;p=86425"},"modified":"2024-09-09T02:17:40","modified_gmt":"2024-09-09T02:17:40","slug":"viver-o-vegetarianismo","status":"publish","type":"product","link":"https:\/\/www.irdin.org.br\/site\/produtos\/viver-o-vegetarianismo\/","title":{"rendered":"Viver o vegetarianismo"},"content":{"rendered":"<p>Que faz uma pessoa tornar-se vegetariana? Como ela pode levar adiante seu prop\u00f3sito no meio em que vive? Que benef\u00edcios traz ao equil\u00edbrio planet\u00e1rio?<\/p>\n<p><strong>Ou\u00e7a agora:<\/strong><\/p>\n<p><span data-href=\"https:\/\/www.irdin.org.br\/site\/envios\/audios\/1600_0002__por_por__viver_o_vegetarianismo.mp3\" data-title=\"\" data-rel=\"\" data-target=\"\" data-meta=\"#fap-meta-69e360d36c138\" class=\"fap-single-track fap-track-button fap-play-button\" data-enqueue=\"no\" data-autoenqueue=\"no\" title=\"\"><span class=\"fap-icon-play\"><\/span>Ouvir<\/span> <a class=\"baixar\" href=\"https:\/\/www.irdin.org.br\/site\/envios\/audios\/1600_0002__por_por__viver_o_vegetarianismo.mp3\" download=\"\">Baixar<\/a> <span class=\"textobaixar\">Viver o vegetarianismo<\/span><\/p>\n<p>&nbsp;<\/p>\n","protected":false},"excerpt":{"rendered":"<p>Que faz uma pessoa tornar-se vegetariana? Como ela pode levar adiante seu prop\u00f3sito no meio em que vive? Que benef\u00edcios<\/p>\n","protected":false},"featured_media":37803,"template":"","meta":{"_acf_changed":false},"product_brand":[],"product_cat":[18076,43099,33068],"product_tag":[43765],"class_list":{"0":"post-86425","1":"product","2":"type-product","3":"status-publish","4":"has-post-thumbnail","6":"product_cat-cddvd","7":"product_cat-palestras-cddvd","8":"product_cat-palestras","9":"product_tag-43765","10":"pa_autor-dr-eric-slywitch","11":"pa_codigo-da-serie-27035","12":"pa_codigo-externo-16000002porcd","13":"pa_data-de-gravacao-19878","14":"pa_duracao-58min52s","15":"pa_idioma-de-destino-portugues","16":"pa_idioma-de-origem-portugues","17":"pa_lancamento-no","18":"pa_midia-cd","19":"pa_moac-43764","20":"pa_sequencial-da-serie-31878","21":"pa_tipo-de-traducao-nao-classificado","23":"first","24":"outofstock","25":"product-type-simple"},"acf":[],"_links":{"self":[{"href":"https:\/\/www.irdin.org.br\/site\/wp-json\/wp\/v2\/product\/86425","targetHints":{"allow":["GET"]}}],"collection":[{"href":"https:\/\/www.irdin.org.br\/site\/wp-json\/wp\/v2\/product"}],"about":[{"href":"https:\/\/www.irdin.org.br\/site\/wp-json\/wp\/v2\/types\/product"}],"version-history":[{"count":1,"href":"https:\/\/www.irdin.org.br\/site\/wp-json\/wp\/v2\/product\/86425\/revisions"}],"predecessor-version":[{"id":106959,"href":"https:\/\/www.irdin.org.br\/site\/wp-json\/wp\/v2\/product\/86425\/revisions\/106959"}],"wp:featuredmedia":[{"embeddable":true,"href":"https:\/\/www.irdin.org.br\/site\/wp-json\/wp\/v2\/media\/37803"}],"wp:attachment":[{"href":"https:\/\/www.irdin.org.br\/site\/wp-json\/wp\/v2\/media?parent=86425"}],"wp:term":[{"taxonomy":"product_brand","embeddable":true,"href":"https:\/\/www.irdin.org.br\/site\/wp-json\/wp\/v2\/product_brand?post=86425"},{"taxonomy":"product_cat","embeddable":true,"href":"https:\/\/www.irdin.org.br\/site\/wp-json\/wp\/v2\/product_cat?post=86425"},{"taxonomy":"product_tag","embeddable":true,"href":"https:\/\/www.irdin.org.br\/site\/wp-json\/wp\/v2\/product_tag?post=86425"}],"curies":[{"name":"wp","href":"https:\/\/api.w.org\/{rel}","templated":true}]}}