{"id":86448,"date":"2019-04-16T20:11:37","date_gmt":"2019-04-16T20:11:37","guid":{"rendered":"https:\/\/www.irdin.org.br\/site\/?post_type=product&#038;p=86448"},"modified":"2024-02-26T13:42:42","modified_gmt":"2024-02-26T13:42:42","slug":"louvores-ao-rei-coletanea","status":"publish","type":"product","link":"https:\/\/www.irdin.org.br\/site\/produtos\/louvores-ao-rei-coletanea\/","title":{"rendered":"Louvores ao Rei &#8211; Colet\u00e2nea (\u00c1lbum musical)"},"content":{"rendered":"<p>A cada ano, mais louvores s\u00e3o compostos e apresentados, e mais almas s\u00e3o chamadas a revelar a intimidade de sua rela\u00e7\u00e3o de amor para com Cristo. A Colet\u00e2nea de Louvores ao Rei re\u00fane 24 can\u00e7\u00f5es apresentadas nas edi\u00e7\u00f5es de 2015, 2016, 2017 e 2018 da Sagrada Semana. O material est\u00e1 organizado em um pen drive que ainda traz como b\u00f4nus a compila\u00e7\u00e3o de 10 videoclipes produzidos ao longo desses \u00faltimos quatro anos.<\/p>\n<p>Para ouvir on-line e baixar as m\u00fasicas, acesse:<br \/>\n<a href=\"https:\/\/soundcloud.com\/louvoresaorei\">https:\/\/soundcloud.com\/louvoresaorei<\/a><\/p>\n<p>Para mais informa\u00e7\u00f5es sobre a Cole\u00e7\u00e3o &#8220;Louvores ao Rei&#8221;, acesse:<br \/>\n<a href=\"https:\/\/www.mensajerosdivinos.org\/pt-br\/cd\/louvores-ao-rei\">https:\/\/www.mensajerosdivinos.org\/pt-br\/cd\/louvores-ao-rei<\/a><\/p>\n<p>V\u00eddeos das can\u00e7\u00f5es, acesse:<br \/>\n<a href=\"https:\/\/www.youtube.com\/@coraldelascomunidades-luz2132\/playlists\">https:\/\/www.youtube.com\/@coraldelascomunidades-luz2132\/playlists<\/a><\/p>\n<p>&nbsp;<\/p>\n","protected":false},"excerpt":{"rendered":"<p>A cada ano, mais louvores s\u00e3o compostos e apresentados, e mais almas s\u00e3o chamadas a revelar a intimidade de sua<\/p>\n","protected":false},"featured_media":86851,"template":"","meta":{"_acf_changed":false},"product_brand":[],"product_cat":[18076,33098,33136],"product_tag":[],"class_list":{"0":"post-86448","1":"product","2":"type-product","3":"status-publish","4":"has-post-thumbnail","6":"product_cat-cddvd","7":"product_cat-musicas","8":"product_cat-pendrive","9":"pa_autor-associacao-maria-mae-da-divina-concepcao-2","10":"pa_codigo-externo-2901-3-es-e-pt-usb","11":"pa_codigo-interno-20-es-e-pt-usb","12":"pa_data-de-gravacao-2015-2016-2017-e-2018","13":"pa_idioma-de-destino-espanhol","14":"pa_idioma-de-destino-portugues","15":"pa_idioma-de-origem-espanhol","16":"pa_idioma-de-origem-portugues","17":"pa_lancamento-yes","18":"pa_midia-pen-drive","19":"pa_tipo-de-traducao-nao-classificado","21":"first","22":"outofstock","23":"product-type-simple"},"acf":[],"_links":{"self":[{"href":"https:\/\/www.irdin.org.br\/site\/wp-json\/wp\/v2\/product\/86448","targetHints":{"allow":["GET"]}}],"collection":[{"href":"https:\/\/www.irdin.org.br\/site\/wp-json\/wp\/v2\/product"}],"about":[{"href":"https:\/\/www.irdin.org.br\/site\/wp-json\/wp\/v2\/types\/product"}],"version-history":[{"count":0,"href":"https:\/\/www.irdin.org.br\/site\/wp-json\/wp\/v2\/product\/86448\/revisions"}],"wp:featuredmedia":[{"embeddable":true,"href":"https:\/\/www.irdin.org.br\/site\/wp-json\/wp\/v2\/media\/86851"}],"wp:attachment":[{"href":"https:\/\/www.irdin.org.br\/site\/wp-json\/wp\/v2\/media?parent=86448"}],"wp:term":[{"taxonomy":"product_brand","embeddable":true,"href":"https:\/\/www.irdin.org.br\/site\/wp-json\/wp\/v2\/product_brand?post=86448"},{"taxonomy":"product_cat","embeddable":true,"href":"https:\/\/www.irdin.org.br\/site\/wp-json\/wp\/v2\/product_cat?post=86448"},{"taxonomy":"product_tag","embeddable":true,"href":"https:\/\/www.irdin.org.br\/site\/wp-json\/wp\/v2\/product_tag?post=86448"}],"curies":[{"name":"wp","href":"https:\/\/api.w.org\/{rel}","templated":true}]}}

Louvores ao Rei &#8211; Coletânea (Álbum musical)

<p>A cada ano, mais louvores são compostos e apresentados, e mais almas são chamadas a revelar a intimidade de sua relação de amor para com Cristo. A Coletânea de Louvores ao Rei reúne 24 canções apresentadas nas edições de 2015, 2016, 2017 e 2018 da Sagrada Semana. O material está organizado em um pen drive que ainda traz como bônus a compilação de 10 videoclipes produzidos ao longo desses últimos quatro anos.</p>
<p>Para ouvir on-line e baixar as músicas, acesse:<br />
<a href="https://soundcloud.com/louvoresaorei">https://soundcloud.com/louvoresaorei</a></p>
<p>Para mais informações sobre a Coleção &#8220;Louvores ao Rei&#8221;, acesse:<br />
<a href="https://www.mensajerosdivinos.org/pt-br/cd/louvores-ao-rei">https://www.mensajerosdivinos.org/pt-br/cd/louvores-ao-rei</a></p>
<p>Vídeos das canções, acesse:<br />
<a href="https://www.youtube.com/@coraldelascomunidades-luz2132/playlists">https://www.youtube.com/@coraldelascomunidades-luz2132/playlists</a></p>
<p>&nbsp;</p>

<p>A cada ano, mais louvores são compostos e apresentados, e mais almas são chamadas a revelar a intimidade de sua</p>
