{"id":86597,"date":"2019-09-17T00:35:16","date_gmt":"2019-09-17T00:35:16","guid":{"rendered":"https:\/\/www.irdin.org.br\/site\/?post_type=product&#038;p=86597"},"modified":"2026-04-05T15:06:16","modified_gmt":"2026-04-05T18:06:16","slug":"9788554410285","status":"publish","type":"product","link":"https:\/\/www.irdin.org.br\/site\/produtos\/9788554410285\/","title":{"rendered":"Sele\u00e7\u00e3o de Pensamentos Vol.2 (PT)"},"content":{"rendered":"<p>Este pequeno livro com mais de 400 pensamentos, reunidos dos ensinamentos e instru\u00e7\u00f5es de Trigueirinho, nos leva a refletir sobre a nossa exist\u00eancia, conduzindo-nos dia-a-dia ao despertar espiritual.<\/p>\n<p><a class=\"pdf\" href=\"\/pdf\/Selecao_de_Pensamentos_PORT_2_WEB.pdf\" target=\"_blank\" rel=\"noopener\">Baixar Gratuitamente<\/a><\/p>\n<p>&nbsp;<\/p>\n","protected":false},"excerpt":{"rendered":"<p>Este pequeno livro com mais de 400 pensamentos, reunidos dos ensinamentos e instru\u00e7\u00f5es de Trigueirinho, nos leva a refletir sobre<\/p>\n","protected":false},"featured_media":86598,"template":"","meta":{"_acf_changed":false},"product_brand":[],"product_cat":[33286,17972,33145],"product_tag":[],"class_list":{"0":"post-86597","1":"product","2":"type-product","3":"status-publish","4":"has-post-thumbnail","6":"product_cat-livro","7":"product_cat-livros-livro","8":"product_cat-minilivros","9":"pa_autor-trigueirinho","10":"pa_classe-do-produto-fisico","11":"pa_codigo-de-barras-43815","12":"pa_idioma-de-destino-portugues","13":"pa_lancamento-yes","14":"pa_midia-papel","15":"pa_quantidade-de-paginas-22052","16":"pa_tipo-de-traducao-nao-classificado","18":"first","19":"instock","20":"purchasable","21":"product-type-simple"},"acf":[],"_links":{"self":[{"href":"https:\/\/www.irdin.org.br\/site\/wp-json\/wp\/v2\/product\/86597","targetHints":{"allow":["GET"]}}],"collection":[{"href":"https:\/\/www.irdin.org.br\/site\/wp-json\/wp\/v2\/product"}],"about":[{"href":"https:\/\/www.irdin.org.br\/site\/wp-json\/wp\/v2\/types\/product"}],"version-history":[{"count":2,"href":"https:\/\/www.irdin.org.br\/site\/wp-json\/wp\/v2\/product\/86597\/revisions"}],"predecessor-version":[{"id":109572,"href":"https:\/\/www.irdin.org.br\/site\/wp-json\/wp\/v2\/product\/86597\/revisions\/109572"}],"wp:featuredmedia":[{"embeddable":true,"href":"https:\/\/www.irdin.org.br\/site\/wp-json\/wp\/v2\/media\/86598"}],"wp:attachment":[{"href":"https:\/\/www.irdin.org.br\/site\/wp-json\/wp\/v2\/media?parent=86597"}],"wp:term":[{"taxonomy":"product_brand","embeddable":true,"href":"https:\/\/www.irdin.org.br\/site\/wp-json\/wp\/v2\/product_brand?post=86597"},{"taxonomy":"product_cat","embeddable":true,"href":"https:\/\/www.irdin.org.br\/site\/wp-json\/wp\/v2\/product_cat?post=86597"},{"taxonomy":"product_tag","embeddable":true,"href":"https:\/\/www.irdin.org.br\/site\/wp-json\/wp\/v2\/product_tag?post=86597"}],"curies":[{"name":"wp","href":"https:\/\/api.w.org\/{rel}","templated":true}]}}