{"id":86736,"date":"2019-12-31T18:30:50","date_gmt":"2019-12-31T18:30:50","guid":{"rendered":"https:\/\/www.irdin.org.br\/site\/?post_type=product&#038;p=86736"},"modified":"2025-08-11T09:06:24","modified_gmt":"2025-08-11T12:06:24","slug":"el-servicio-de-angeles-y-arcangeles-a-la-evolucion-humana","status":"publish","type":"product","link":"https:\/\/www.irdin.org.br\/site\/produtos\/el-servicio-de-angeles-y-arcangeles-a-la-evolucion-humana\/","title":{"rendered":"El servicio de \u00e1ngeles y arc\u00e1ngeles a la evoluci\u00f3n humana"},"content":{"rendered":"<p>Diversos han sido los papeles de las criaturas del reino ang\u00e9lico en relaci\u00f3n con la humanidad, y tenemos que aprender con ellas. Necesitamos comprender su servicio, aproximarnos a los planos en donde viven, abrirnos a su presencia y ayuda.<\/p>\n<p><strong>Ou\u00e7a agora:<\/strong><\/p>\n<p><span data-href=\"https:\/\/www.irdin.org.br\/site\/envios\/audios\/2101_0004__spa_spa__el_servicio_de_angeles_y_arcangeles_a_la_evolucion_humana.mp3\" data-title=\"\" data-rel=\"\" data-target=\"\" data-meta=\"#fap-meta-6a05f973a4eac\" class=\"fap-single-track fap-track-button fap-play-button\" data-enqueue=\"no\" data-autoenqueue=\"no\" title=\"\"><span class=\"fap-icon-play\"><\/span>Ouvir<\/span> <a class=\"baixar\" href=\"https:\/\/www.irdin.org.br\/site\/envios\/audios\/2101_0004__spa_spa__el_servicio_de_angeles_y_arcangeles_a_la_evolucion_humana.mp3\" download=\"\">Baixar<\/a> <span class=\"textobaixar\">El servicio de \u00e1ngeles y arc\u00e1ngeles a la evoluci\u00f3n humana<\/span><\/p>\n<p>&nbsp;<\/p>\n","protected":false},"excerpt":{"rendered":"<p>Diversos han sido los papeles de las criaturas del reino ang\u00e9lico en relaci\u00f3n con la humanidad, y tenemos que aprender<\/p>\n","protected":false},"featured_media":37803,"template":"","meta":{"_acf_changed":false},"product_brand":[],"product_cat":[18076,33068,43099],"product_tag":[43894],"class_list":{"0":"post-86736","1":"product","2":"type-product","3":"status-publish","4":"has-post-thumbnail","6":"product_cat-cddvd","7":"product_cat-palestras","8":"product_cat-palestras-cddvd","9":"product_tag-43894","10":"pa_autor-madre-maria-shimani","11":"pa_codigo-da-serie-27126","12":"pa_codigo-externo-21010004spacd","13":"pa_data-de-gravacao-27134","14":"pa_duracao-31-min-51-s","15":"pa_idioma-de-destino-espanhol","16":"pa_idioma-de-origem-espanhol","17":"pa_lancamento-no","18":"pa_midia-cd","19":"pa_moac-43893","20":"pa_sequencial-da-serie-31880","21":"pa_tipo-de-traducao-nao-classificado","23":"first","24":"outofstock","25":"product-type-simple"},"acf":[],"_links":{"self":[{"href":"https:\/\/www.irdin.org.br\/site\/wp-json\/wp\/v2\/product\/86736","targetHints":{"allow":["GET"]}}],"collection":[{"href":"https:\/\/www.irdin.org.br\/site\/wp-json\/wp\/v2\/product"}],"about":[{"href":"https:\/\/www.irdin.org.br\/site\/wp-json\/wp\/v2\/types\/product"}],"version-history":[{"count":1,"href":"https:\/\/www.irdin.org.br\/site\/wp-json\/wp\/v2\/product\/86736\/revisions"}],"predecessor-version":[{"id":106861,"href":"https:\/\/www.irdin.org.br\/site\/wp-json\/wp\/v2\/product\/86736\/revisions\/106861"}],"wp:featuredmedia":[{"embeddable":true,"href":"https:\/\/www.irdin.org.br\/site\/wp-json\/wp\/v2\/media\/37803"}],"wp:attachment":[{"href":"https:\/\/www.irdin.org.br\/site\/wp-json\/wp\/v2\/media?parent=86736"}],"wp:term":[{"taxonomy":"product_brand","embeddable":true,"href":"https:\/\/www.irdin.org.br\/site\/wp-json\/wp\/v2\/product_brand?post=86736"},{"taxonomy":"product_cat","embeddable":true,"href":"https:\/\/www.irdin.org.br\/site\/wp-json\/wp\/v2\/product_cat?post=86736"},{"taxonomy":"product_tag","embeddable":true,"href":"https:\/\/www.irdin.org.br\/site\/wp-json\/wp\/v2\/product_tag?post=86736"}],"curies":[{"name":"wp","href":"https:\/\/api.w.org\/{rel}","templated":true}]}}