{"id":86737,"date":"2019-12-31T18:30:56","date_gmt":"2019-12-31T18:30:56","guid":{"rendered":"https:\/\/www.irdin.org.br\/site\/?post_type=product&#038;p=86737"},"modified":"2025-07-12T18:18:50","modified_gmt":"2025-07-12T21:18:50","slug":"circulo-de-protecao","status":"publish","type":"product","link":"https:\/\/www.irdin.org.br\/site\/produtos\/circulo-de-protecao\/","title":{"rendered":"C\u00edrculo de prote\u00e7\u00e3o"},"content":{"rendered":"<p>Entre outros temas: C\u00edrculos de prote\u00e7\u00e3o neste momento planet\u00e1rio \/ Monges: f\u00e9, pobreza e obedi\u00eancia \/ Sermos intercessores entre o c\u00e9u e a terra \/ Sant\u00edssima Trindade e Sagrada Fam\u00edlia \/ A Associa\u00e7\u00e3o Maria e a M\u00e3e do Mundo \/ Sanidade dos videntes \/ O papa Francisco                   <\/p>\n<p><strong>Ou\u00e7a agora:<\/strong><\/p>\n<p><span data-href=\"https:\/\/www.irdin.org.br\/site\/envios\/audios\/2859_0003__por_por__circulo_de_protecao.mp3\" data-title=\"\" data-rel=\"\" data-target=\"\" data-meta=\"#fap-meta-69f8fe16412bc\" class=\"fap-single-track fap-track-button fap-play-button\" data-enqueue=\"no\" data-autoenqueue=\"no\" title=\"\"><span class=\"fap-icon-play\"><\/span>Ouvir<\/span> <a class=\"baixar\" href=\"https:\/\/www.irdin.org.br\/site\/envios\/audios\/2859_0003__por_por__circulo_de_protecao.mp3\" download=\"\">Baixar<\/a> <span class=\"textobaixar\">C\u00edrculo de prote\u00e7\u00e3o<\/span><\/p>\n<p>&nbsp;<\/p>\n","protected":false},"excerpt":{"rendered":"<p>Entre outros temas: C\u00edrculos de prote\u00e7\u00e3o neste momento planet\u00e1rio \/ Monges: f\u00e9, pobreza e obedi\u00eancia \/ Sermos intercessores entre o<\/p>\n","protected":false},"featured_media":37803,"template":"","meta":{"_acf_changed":false},"product_brand":[],"product_cat":[18076,43099,33068],"product_tag":[43897],"class_list":{"0":"post-86737","1":"product","2":"type-product","3":"status-publish","4":"has-post-thumbnail","6":"product_cat-cddvd","7":"product_cat-palestras-cddvd","8":"product_cat-palestras","9":"product_tag-43897","10":"pa_autor-madre-maria-shimani","11":"pa_autor-trigueirinho","12":"pa_codigo-da-serie-27959","13":"pa_codigo-externo-28590003porcd","14":"pa_data-de-gravacao-27963","15":"pa_descricao-da-serie-instrucoes-unidas","16":"pa_duracao-1h12m","17":"pa_idioma-de-destino-portugues","18":"pa_idioma-de-origem-portugues","19":"pa_lancamento-no","20":"pa_midia-cd","21":"pa_moac-43895","22":"pa_sequencial-da-serie-31879","23":"pa_tipo-de-traducao-nao-classificado","25":"first","26":"outofstock","27":"product-type-simple"},"acf":[],"_links":{"self":[{"href":"https:\/\/www.irdin.org.br\/site\/wp-json\/wp\/v2\/product\/86737","targetHints":{"allow":["GET"]}}],"collection":[{"href":"https:\/\/www.irdin.org.br\/site\/wp-json\/wp\/v2\/product"}],"about":[{"href":"https:\/\/www.irdin.org.br\/site\/wp-json\/wp\/v2\/types\/product"}],"version-history":[{"count":2,"href":"https:\/\/www.irdin.org.br\/site\/wp-json\/wp\/v2\/product\/86737\/revisions"}],"predecessor-version":[{"id":106860,"href":"https:\/\/www.irdin.org.br\/site\/wp-json\/wp\/v2\/product\/86737\/revisions\/106860"}],"wp:featuredmedia":[{"embeddable":true,"href":"https:\/\/www.irdin.org.br\/site\/wp-json\/wp\/v2\/media\/37803"}],"wp:attachment":[{"href":"https:\/\/www.irdin.org.br\/site\/wp-json\/wp\/v2\/media?parent=86737"}],"wp:term":[{"taxonomy":"product_brand","embeddable":true,"href":"https:\/\/www.irdin.org.br\/site\/wp-json\/wp\/v2\/product_brand?post=86737"},{"taxonomy":"product_cat","embeddable":true,"href":"https:\/\/www.irdin.org.br\/site\/wp-json\/wp\/v2\/product_cat?post=86737"},{"taxonomy":"product_tag","embeddable":true,"href":"https:\/\/www.irdin.org.br\/site\/wp-json\/wp\/v2\/product_tag?post=86737"}],"curies":[{"name":"wp","href":"https:\/\/api.w.org\/{rel}","templated":true}]}}