{"id":87204,"date":"2020-08-31T13:35:00","date_gmt":"2020-08-31T13:35:00","guid":{"rendered":"https:\/\/www.irdin.org.br\/site\/?post_type=product&#038;p=87204"},"modified":"2026-04-04T14:19:23","modified_gmt":"2026-04-04T17:19:23","slug":"9786599051098","status":"publish","type":"product","link":"https:\/\/www.irdin.org.br\/site\/produtos\/9786599051098\/","title":{"rendered":"La Energ\u00eda de los Rayos en Nuestra Vida"},"content":{"rendered":"<p>Un libro que representa los nuevos tiempos. Los Rayos ser\u00e1n la base de la psicolog\u00eda en el futuro y en ellos se fundamentar\u00e1 el conocimiento del hombre. Lo que se designa como Rayos son expresiones de energ\u00edas, y decir que somos expresiones de los Rayos significa que existimos como manifestaci\u00f3n de esas energ\u00edas.<br \/>\nCada uno de nosotros, cada planeta, cada sistema solar, es una expresi\u00f3n de los Rayos. Sin embargo, en un nivel m\u00e1s profundo, existe algo de un insondable misterio.<br \/>\nUno de los primeros y m\u00e1s reeditados libros escritos por TRIGUEIRINHO, recomendable para aquellos que buscan la propia realidad interior.<\/p>\n<p><a class=\"pdf\" href=\"\/pdf\/La Energia de los Rayos en Nuestra Vida_ES_WEB.pdf\" target=\"_blank\" rel=\"noopener\">Baixar Gratuitamente<\/a><\/p>\n<p>&nbsp;<\/p>\n","protected":false},"excerpt":{"rendered":"<p>Un libro que representa los nuevos tiempos. Los Rayos ser\u00e1n la base de la psicolog\u00eda en el futuro y en<\/p>\n","protected":false},"featured_media":87208,"template":"","meta":{"_acf_changed":false},"product_brand":[],"product_cat":[33286,17972],"product_tag":[],"class_list":{"0":"post-87204","1":"product","2":"type-product","3":"status-publish","4":"has-post-thumbnail","6":"product_cat-livro","7":"product_cat-livros-livro","8":"pa_autor-trigueirinho","9":"pa_classe-do-produto-fisico","10":"pa_codigo-de-barras-43938","11":"pa_codigo-externo-tr002pep","12":"pa_data-de-lancamento-22273","13":"pa_idioma-de-destino-espanhol","14":"pa_idioma-de-origem-portugues","15":"pa_lancamento-yes","16":"pa_midia-papel","17":"pa_moac-33648","18":"pa_quantidade-de-paginas-43939","19":"pa_quantidade-de-saldo-33008","20":"pa_tipo-de-traducao-nao-classificado","22":"first","23":"instock","24":"purchasable","25":"product-type-simple"},"acf":[],"_links":{"self":[{"href":"https:\/\/www.irdin.org.br\/site\/wp-json\/wp\/v2\/product\/87204","targetHints":{"allow":["GET"]}}],"collection":[{"href":"https:\/\/www.irdin.org.br\/site\/wp-json\/wp\/v2\/product"}],"about":[{"href":"https:\/\/www.irdin.org.br\/site\/wp-json\/wp\/v2\/types\/product"}],"version-history":[{"count":2,"href":"https:\/\/www.irdin.org.br\/site\/wp-json\/wp\/v2\/product\/87204\/revisions"}],"predecessor-version":[{"id":87356,"href":"https:\/\/www.irdin.org.br\/site\/wp-json\/wp\/v2\/product\/87204\/revisions\/87356"}],"wp:featuredmedia":[{"embeddable":true,"href":"https:\/\/www.irdin.org.br\/site\/wp-json\/wp\/v2\/media\/87208"}],"wp:attachment":[{"href":"https:\/\/www.irdin.org.br\/site\/wp-json\/wp\/v2\/media?parent=87204"}],"wp:term":[{"taxonomy":"product_brand","embeddable":true,"href":"https:\/\/www.irdin.org.br\/site\/wp-json\/wp\/v2\/product_brand?post=87204"},{"taxonomy":"product_cat","embeddable":true,"href":"https:\/\/www.irdin.org.br\/site\/wp-json\/wp\/v2\/product_cat?post=87204"},{"taxonomy":"product_tag","embeddable":true,"href":"https:\/\/www.irdin.org.br\/site\/wp-json\/wp\/v2\/product_tag?post=87204"}],"curies":[{"name":"wp","href":"https:\/\/api.w.org\/{rel}","templated":true}]}}